{"id":2,"date":"2026-03-19T13:10:15","date_gmt":"2026-03-19T13:10:15","guid":{"rendered":"https:\/\/fixtechfactory.com\/?page_id=2"},"modified":"2026-04-13T16:14:17","modified_gmt":"2026-04-13T16:14:17","slug":"itrucolor","status":"publish","type":"page","link":"https:\/\/fixtechfactory.com\/index.php\/itrucolor\/","title":{"rendered":"ITrucolor"},"content":{"rendered":"\t\t<div data-elementor-type=\"wp-page\" data-elementor-id=\"2\" class=\"elementor elementor-2\" data-elementor-post-type=\"page\">\n\t\t\t\t<div class=\"elementor-element elementor-element-1a0268ec e-con-full e-flex e-con e-parent\" data-id=\"1a0268ec\" data-element_type=\"container\" data-e-type=\"container\" data-settings=\"{&quot;shape_divider_top&quot;:&quot;opacity-tilt&quot;}\">\n\t\t\t\t<div class=\"elementor-shape elementor-shape-top\" aria-hidden=\"true\" data-negative=\"false\">\n\t\t\t<svg xmlns=\"http:\/\/www.w3.org\/2000\/svg\" viewBox=\"0 0 2600 131.1\" preserveAspectRatio=\"none\">\n\t<path class=\"elementor-shape-fill\" d=\"M0 0L2600 0 2600 69.1 0 0z\"\/>\n\t<path class=\"elementor-shape-fill\" style=\"opacity:0.5\" d=\"M0 0L2600 0 2600 69.1 0 69.1z\"\/>\n\t<path class=\"elementor-shape-fill\" style=\"opacity:0.25\" d=\"M2600 0L0 0 0 130.1 2600 69.1z\"\/>\n<\/svg>\t\t<\/div>\n\t\t\t\t<div class=\"elementor-element elementor-element-7a88502 elementor-widget elementor-widget-image\" data-id=\"7a88502\" data-element_type=\"widget\" data-e-type=\"widget\" data-widget_type=\"image.default\">\n\t\t\t\t\t\t\t\t\t\t\t\t\t\t\t<img fetchpriority=\"high\" decoding=\"async\" width=\"681\" height=\"171\" src=\"https:\/\/fixtechfactory.com\/wp-content\/uploads\/2026\/03\/iTruColor-Logo.png\" class=\"attachment-large size-large wp-image-102\" alt=\"\" srcset=\"https:\/\/fixtechfactory.com\/wp-content\/uploads\/2026\/03\/iTruColor-Logo.png 681w, https:\/\/fixtechfactory.com\/wp-content\/uploads\/2026\/03\/iTruColor-Logo-300x75.png 300w\" sizes=\"(max-width: 681px) 100vw, 681px\" \/>\t\t\t\t\t\t\t\t\t\t\t\t\t\t\t<\/div>\n\t\t\t\t<\/div>\n\t\t<div class=\"elementor-element elementor-element-6206255 e-flex e-con-boxed e-con e-parent\" data-id=\"6206255\" data-element_type=\"container\" data-e-type=\"container\" data-settings=\"{&quot;shape_divider_top&quot;:&quot;opacity-tilt&quot;}\">\n\t\t\t\t\t<div class=\"e-con-inner\">\n\t\t\t\t<div class=\"elementor-shape elementor-shape-top\" aria-hidden=\"true\" data-negative=\"false\">\n\t\t\t<svg xmlns=\"http:\/\/www.w3.org\/2000\/svg\" viewBox=\"0 0 2600 131.1\" preserveAspectRatio=\"none\">\n\t<path class=\"elementor-shape-fill\" d=\"M0 0L2600 0 2600 69.1 0 0z\"\/>\n\t<path class=\"elementor-shape-fill\" style=\"opacity:0.5\" d=\"M0 0L2600 0 2600 69.1 0 69.1z\"\/>\n\t<path class=\"elementor-shape-fill\" style=\"opacity:0.25\" d=\"M2600 0L0 0 0 130.1 2600 69.1z\"\/>\n<\/svg>\t\t<\/div>\n\t\t\t\t<div class=\"elementor-element elementor-element-db88476 elementor-widget elementor-widget-heading\" data-id=\"db88476\" data-element_type=\"widget\" data-e-type=\"widget\" data-widget_type=\"heading.default\">\n\t\t\t\t\t<h1 class=\"elementor-heading-title elementor-size-default\">ITruColor<\/h1>\t\t\t\t<\/div>\n\t\t\t\t<div class=\"elementor-element elementor-element-064f88d elementor-widget elementor-widget-text-editor\" data-id=\"064f88d\" data-element_type=\"widget\" data-e-type=\"widget\" data-widget_type=\"text-editor.default\">\n\t\t\t\t\t\t\t\t\t<p data-start=\"146\" data-end=\"183\"><strong data-start=\"146\" data-end=\"183\">\u00a1La calidad es nuestra prioridad!<\/strong><\/p><p data-start=\"185\" data-end=\"423\">Cada pantalla LCD para iPhone pasa por <strong data-start=\"224\" data-end=\"261\">49 pasos de inspecci\u00f3n de calidad<\/strong>, adem\u00e1s de una <strong data-start=\"277\" data-end=\"316\">segunda inspecci\u00f3n de primera clase<\/strong>, para garantizar que todas las funciones operen correctamente seg\u00fan nuestros est\u00e1ndares antes de su env\u00edo.<\/p><p data-start=\"425\" data-end=\"564\">Nuestros productos han obtenido certificaciones autorizadas como <strong data-start=\"490\" data-end=\"508\">CE, FCC y ROHS<\/strong>, lo que permite su <strong data-start=\"528\" data-end=\"563\">comercializaci\u00f3n a nivel global<\/strong>.<\/p>\t\t\t\t\t\t\t\t<\/div>\n\t\t<div class=\"elementor-element elementor-element-1fd424c e-con-full e-flex e-con e-child\" data-id=\"1fd424c\" data-element_type=\"container\" data-e-type=\"container\">\n\t\t\t\t<div class=\"elementor-element elementor-element-ecbe540 elementor-grid-1 animated-slow elementor-grid-tablet-2 elementor-grid-mobile-1 elementor-invisible elementor-widget elementor-widget-loop-grid\" data-id=\"ecbe540\" data-element_type=\"widget\" data-e-type=\"widget\" data-settings=\"{&quot;template_id&quot;:&quot;735&quot;,&quot;columns&quot;:1,&quot;pagination_type&quot;:&quot;load_more_on_click&quot;,&quot;_animation&quot;:&quot;fadeInUp&quot;,&quot;_skin&quot;:&quot;post&quot;,&quot;columns_tablet&quot;:&quot;2&quot;,&quot;columns_mobile&quot;:&quot;1&quot;,&quot;edit_handle_selector&quot;:&quot;[data-elementor-type=\\&quot;loop-item\\&quot;]&quot;,&quot;load_more_spinner&quot;:{&quot;value&quot;:&quot;fas fa-spinner&quot;,&quot;library&quot;:&quot;fa-solid&quot;},&quot;row_gap&quot;:{&quot;unit&quot;:&quot;px&quot;,&quot;size&quot;:&quot;&quot;,&quot;sizes&quot;:[]},&quot;row_gap_tablet&quot;:{&quot;unit&quot;:&quot;px&quot;,&quot;size&quot;:&quot;&quot;,&quot;sizes&quot;:[]},&quot;row_gap_mobile&quot;:{&quot;unit&quot;:&quot;px&quot;,&quot;size&quot;:&quot;&quot;,&quot;sizes&quot;:[]}}\" data-widget_type=\"loop-grid.post\">\n\t\t\t\t<div class=\"elementor-widget-container\">\n\t\t\t\t\t\t\t<div class=\"elementor-loop-container elementor-grid\" role=\"list\">\n\t\t<style id=\"loop-735\">.elementor-735 .elementor-element.elementor-element-8e75d93{--display:flex;--min-height:400px;--flex-direction:row;--container-widget-width:initial;--container-widget-height:100%;--container-widget-flex-grow:1;--container-widget-align-self:stretch;--flex-wrap-mobile:wrap;--border-radius:16px 16px 16px 16px;box-shadow:2px 3px 16px 0px rgba(0,0,0,0.5);}.elementor-735 .elementor-element.elementor-element-8e75d93.e-con{--flex-grow:0;--flex-shrink:0;}.elementor-735 .elementor-element.elementor-element-333827e{--display:flex;--justify-content:center;}.elementor-widget-image .widget-image-caption{color:var( --e-global-color-text );font-family:var( --e-global-typography-text-font-family ), Sans-serif;font-size:var( --e-global-typography-text-font-size );font-weight:var( --e-global-typography-text-font-weight );}.elementor-735 .elementor-element.elementor-element-8ec8aeb{--display:flex;--flex-direction:column;--container-widget-width:100%;--container-widget-height:initial;--container-widget-flex-grow:0;--container-widget-align-self:initial;--flex-wrap-mobile:wrap;--justify-content:center;--padding-top:20px;--padding-bottom:20px;--padding-left:20px;--padding-right:20px;}.elementor-widget-theme-post-title .elementor-heading-title{font-family:var( --e-global-typography-primary-font-family ), Sans-serif;font-size:var( --e-global-typography-primary-font-size );font-weight:var( --e-global-typography-primary-font-weight );color:var( --e-global-color-primary );}.elementor-widget-text-editor{font-family:var( --e-global-typography-text-font-family ), Sans-serif;font-size:var( --e-global-typography-text-font-size );font-weight:var( --e-global-typography-text-font-weight );color:var( --e-global-color-text );}.elementor-widget-text-editor.elementor-drop-cap-view-stacked .elementor-drop-cap{background-color:var( --e-global-color-primary );}.elementor-widget-text-editor.elementor-drop-cap-view-framed .elementor-drop-cap, .elementor-widget-text-editor.elementor-drop-cap-view-default .elementor-drop-cap{color:var( --e-global-color-primary );border-color:var( --e-global-color-primary );}.elementor-735 .elementor-element.elementor-element-81d099f{column-gap:0px;}@media(min-width:768px){.elementor-735 .elementor-element.elementor-element-8e75d93{--width:1140px;}}@media(max-width:1024px){.elementor-widget-image .widget-image-caption{font-size:var( --e-global-typography-text-font-size );}.elementor-widget-theme-post-title .elementor-heading-title{font-size:var( --e-global-typography-primary-font-size );}.elementor-widget-text-editor{font-size:var( --e-global-typography-text-font-size );}}@media(max-width:767px){.elementor-widget-image .widget-image-caption{font-size:var( --e-global-typography-text-font-size );}.elementor-widget-theme-post-title .elementor-heading-title{font-size:var( --e-global-typography-primary-font-size );}.elementor-widget-text-editor{font-size:var( --e-global-typography-text-font-size );}}<\/style>\t\t<div data-elementor-type=\"loop-item\" data-elementor-id=\"735\" class=\"elementor elementor-735 e-loop-item e-loop-item-780 post-780 productos type-productos status-publish has-post-thumbnail hentry marcas-itrucolor tipo_pantalla-hd\" data-elementor-post-type=\"elementor_library\" data-custom-edit-handle=\"1\">\n\t\t\t<div class=\"elementor-element elementor-element-8e75d93 e-con-full e-flex e-con e-parent\" data-id=\"8e75d93\" data-element_type=\"container\" data-e-type=\"container\">\n\t\t<div class=\"elementor-element elementor-element-333827e e-con-full e-flex e-con e-child\" data-id=\"333827e\" data-element_type=\"container\" data-e-type=\"container\">\n\t\t\t\t<div class=\"elementor-element elementor-element-832e5b5 elementor-widget elementor-widget-image\" data-id=\"832e5b5\" data-element_type=\"widget\" data-e-type=\"widget\" data-widget_type=\"image.default\">\n\t\t\t\t\t\t\t\t\t\t\t\t\t\t\t<img decoding=\"async\" width=\"355\" height=\"515\" src=\"https:\/\/fixtechfactory.com\/wp-content\/uploads\/2026\/03\/Rectangle-4.webp\" class=\"attachment-full size-full wp-image-259\" alt=\"\" srcset=\"https:\/\/fixtechfactory.com\/wp-content\/uploads\/2026\/03\/Rectangle-4.webp 355w, https:\/\/fixtechfactory.com\/wp-content\/uploads\/2026\/03\/Rectangle-4-207x300.webp 207w\" sizes=\"(max-width: 355px) 100vw, 355px\" \/>\t\t\t\t\t\t\t\t\t\t\t\t\t\t\t<\/div>\n\t\t\t\t<\/div>\n\t\t<div class=\"elementor-element elementor-element-8ec8aeb e-con-full e-flex e-con e-child\" data-id=\"8ec8aeb\" data-element_type=\"container\" data-e-type=\"container\">\n\t\t\t\t<div class=\"elementor-element elementor-element-85caf57 elementor-widget elementor-widget-theme-post-title elementor-page-title elementor-widget-heading\" data-id=\"85caf57\" data-element_type=\"widget\" data-e-type=\"widget\" data-widget_type=\"theme-post-title.default\">\n\t\t\t\t\t<h1 class=\"elementor-heading-title elementor-size-default\">Itrucolor HD<\/h1>\t\t\t\t<\/div>\n\t\t\t\t<div class=\"elementor-element elementor-element-81d099f elementor-widget elementor-widget-text-editor\" data-id=\"81d099f\" data-element_type=\"widget\" data-e-type=\"widget\" data-widget_type=\"text-editor.default\">\n\t\t\t\t\t\t\t\t\tLa gama ITC HD ofrece pantallas LCD de alto est\u00e1ndar con colores equilibrados y una muy buena respuesta t\u00e1ctil, ideales para reparaciones de buen nivel.\t\t\t\t\t\t\t\t<\/div>\n\t\t\t\t<\/div>\n\t\t\t\t<\/div>\n\t\t\t\t<\/div>\n\t\t\t\t<div data-elementor-type=\"loop-item\" data-elementor-id=\"735\" class=\"elementor elementor-735 e-loop-item e-loop-item-787 post-787 productos type-productos status-publish has-post-thumbnail hentry marcas-itrucolor tipo_pantalla-full-hd\" data-elementor-post-type=\"elementor_library\" data-custom-edit-handle=\"1\">\n\t\t\t<div class=\"elementor-element elementor-element-8e75d93 e-con-full e-flex e-con e-parent\" data-id=\"8e75d93\" data-element_type=\"container\" data-e-type=\"container\">\n\t\t<div class=\"elementor-element elementor-element-333827e e-con-full e-flex e-con e-child\" data-id=\"333827e\" data-element_type=\"container\" data-e-type=\"container\">\n\t\t\t\t<div class=\"elementor-element elementor-element-832e5b5 elementor-widget elementor-widget-image\" data-id=\"832e5b5\" data-element_type=\"widget\" data-e-type=\"widget\" data-widget_type=\"image.default\">\n\t\t\t\t\t\t\t\t\t\t\t\t\t\t\t<img decoding=\"async\" width=\"355\" height=\"515\" src=\"https:\/\/fixtechfactory.com\/wp-content\/uploads\/2026\/03\/Rectangle-4-1.webp\" class=\"attachment-full size-full wp-image-260\" alt=\"\" srcset=\"https:\/\/fixtechfactory.com\/wp-content\/uploads\/2026\/03\/Rectangle-4-1.webp 355w, https:\/\/fixtechfactory.com\/wp-content\/uploads\/2026\/03\/Rectangle-4-1-207x300.webp 207w\" sizes=\"(max-width: 355px) 100vw, 355px\" \/>\t\t\t\t\t\t\t\t\t\t\t\t\t\t\t<\/div>\n\t\t\t\t<\/div>\n\t\t<div class=\"elementor-element elementor-element-8ec8aeb e-con-full e-flex e-con e-child\" data-id=\"8ec8aeb\" data-element_type=\"container\" data-e-type=\"container\">\n\t\t\t\t<div class=\"elementor-element elementor-element-85caf57 elementor-widget elementor-widget-theme-post-title elementor-page-title elementor-widget-heading\" data-id=\"85caf57\" data-element_type=\"widget\" data-e-type=\"widget\" data-widget_type=\"theme-post-title.default\">\n\t\t\t\t\t<h1 class=\"elementor-heading-title elementor-size-default\">Itrucolor FullHD COF<\/h1>\t\t\t\t<\/div>\n\t\t\t\t<div class=\"elementor-element elementor-element-81d099f elementor-widget elementor-widget-text-editor\" data-id=\"81d099f\" data-element_type=\"widget\" data-e-type=\"widget\" data-widget_type=\"text-editor.default\">\n\t\t\t\t\t\t\t\t\tPantallas con tecnolog\u00eda COF, que ofrecen mayor brillo, mejor reproducci\u00f3n de color y un rendimiento \u00f3ptimo cercano a un OLED b\u00e1sico.\t\t\t\t\t\t\t\t<\/div>\n\t\t\t\t<\/div>\n\t\t\t\t<\/div>\n\t\t\t\t<\/div>\n\t\t\t\t<div data-elementor-type=\"loop-item\" data-elementor-id=\"735\" class=\"elementor elementor-735 e-loop-item e-loop-item-788 post-788 productos type-productos status-publish has-post-thumbnail hentry marcas-itrucolor tipo_pantalla-oled-duro\" data-elementor-post-type=\"elementor_library\" data-custom-edit-handle=\"1\">\n\t\t\t<div class=\"elementor-element elementor-element-8e75d93 e-con-full e-flex e-con e-parent\" data-id=\"8e75d93\" data-element_type=\"container\" data-e-type=\"container\">\n\t\t<div class=\"elementor-element elementor-element-333827e e-con-full e-flex e-con e-child\" data-id=\"333827e\" data-element_type=\"container\" data-e-type=\"container\">\n\t\t\t\t<div class=\"elementor-element elementor-element-832e5b5 elementor-widget elementor-widget-image\" data-id=\"832e5b5\" data-element_type=\"widget\" data-e-type=\"widget\" data-widget_type=\"image.default\">\n\t\t\t\t\t\t\t\t\t\t\t\t\t\t\t<img loading=\"lazy\" decoding=\"async\" width=\"355\" height=\"515\" src=\"https:\/\/fixtechfactory.com\/wp-content\/uploads\/2026\/03\/Rectangle-6.webp\" class=\"attachment-full size-full wp-image-263\" alt=\"\" srcset=\"https:\/\/fixtechfactory.com\/wp-content\/uploads\/2026\/03\/Rectangle-6.webp 355w, https:\/\/fixtechfactory.com\/wp-content\/uploads\/2026\/03\/Rectangle-6-207x300.webp 207w\" sizes=\"(max-width: 355px) 100vw, 355px\" \/>\t\t\t\t\t\t\t\t\t\t\t\t\t\t\t<\/div>\n\t\t\t\t<\/div>\n\t\t<div class=\"elementor-element elementor-element-8ec8aeb e-con-full e-flex e-con e-child\" data-id=\"8ec8aeb\" data-element_type=\"container\" data-e-type=\"container\">\n\t\t\t\t<div class=\"elementor-element elementor-element-85caf57 elementor-widget elementor-widget-theme-post-title elementor-page-title elementor-widget-heading\" data-id=\"85caf57\" data-element_type=\"widget\" data-e-type=\"widget\" data-widget_type=\"theme-post-title.default\">\n\t\t\t\t\t<h1 class=\"elementor-heading-title elementor-size-default\">Itrucolor OLED Duro<\/h1>\t\t\t\t<\/div>\n\t\t\t\t<div class=\"elementor-element elementor-element-81d099f elementor-widget elementor-widget-text-editor\" data-id=\"81d099f\" data-element_type=\"widget\" data-e-type=\"widget\" data-widget_type=\"text-editor.default\">\n\t\t\t\t\t\t\t\t\tPantallas OLED r\u00edgidas de alto rendimiento, colores intensos y excelente brillo, ideal para reparaciones premium sin llegar al flexible.\t\t\t\t\t\t\t\t<\/div>\n\t\t\t\t<\/div>\n\t\t\t\t<\/div>\n\t\t\t\t<\/div>\n\t\t\t\t<div data-elementor-type=\"loop-item\" data-elementor-id=\"735\" class=\"elementor elementor-735 e-loop-item e-loop-item-795 post-795 productos type-productos status-publish has-post-thumbnail hentry marcas-itrucolor tipo_pantalla-oled-flexible\" data-elementor-post-type=\"elementor_library\" data-custom-edit-handle=\"1\">\n\t\t\t<div class=\"elementor-element elementor-element-8e75d93 e-con-full e-flex e-con e-parent\" data-id=\"8e75d93\" data-element_type=\"container\" data-e-type=\"container\">\n\t\t<div class=\"elementor-element elementor-element-333827e e-con-full e-flex e-con e-child\" data-id=\"333827e\" data-element_type=\"container\" data-e-type=\"container\">\n\t\t\t\t<div class=\"elementor-element elementor-element-832e5b5 elementor-widget elementor-widget-image\" data-id=\"832e5b5\" data-element_type=\"widget\" data-e-type=\"widget\" data-widget_type=\"image.default\">\n\t\t\t\t\t\t\t\t\t\t\t\t\t\t\t<img loading=\"lazy\" decoding=\"async\" width=\"355\" height=\"515\" src=\"https:\/\/fixtechfactory.com\/wp-content\/uploads\/2026\/03\/Rectangle-6.webp\" class=\"attachment-full size-full wp-image-263\" alt=\"\" srcset=\"https:\/\/fixtechfactory.com\/wp-content\/uploads\/2026\/03\/Rectangle-6.webp 355w, https:\/\/fixtechfactory.com\/wp-content\/uploads\/2026\/03\/Rectangle-6-207x300.webp 207w\" sizes=\"(max-width: 355px) 100vw, 355px\" \/>\t\t\t\t\t\t\t\t\t\t\t\t\t\t\t<\/div>\n\t\t\t\t<\/div>\n\t\t<div class=\"elementor-element elementor-element-8ec8aeb e-con-full e-flex e-con e-child\" data-id=\"8ec8aeb\" data-element_type=\"container\" data-e-type=\"container\">\n\t\t\t\t<div class=\"elementor-element elementor-element-85caf57 elementor-widget elementor-widget-theme-post-title elementor-page-title elementor-widget-heading\" data-id=\"85caf57\" data-element_type=\"widget\" data-e-type=\"widget\" data-widget_type=\"theme-post-title.default\">\n\t\t\t\t\t<h1 class=\"elementor-heading-title elementor-size-default\">Itrucolor OLED Flexible<\/h1>\t\t\t\t<\/div>\n\t\t\t\t<div class=\"elementor-element elementor-element-81d099f elementor-widget elementor-widget-text-editor\" data-id=\"81d099f\" data-element_type=\"widget\" data-e-type=\"widget\" data-widget_type=\"text-editor.default\">\n\t\t\t\t\t\t\t\t\tLa mejor pantalla ITC disponible, con panel flexible, m\u00e1xima durabilidad y reproducci\u00f3n de color superior.\t\t\t\t\t\t\t\t<\/div>\n\t\t\t\t<\/div>\n\t\t\t\t<\/div>\n\t\t\t\t<\/div>\n\t\t\t\t<div data-elementor-type=\"loop-item\" data-elementor-id=\"735\" class=\"elementor elementor-735 e-loop-item e-loop-item-796 post-796 productos type-productos status-publish has-post-thumbnail hentry marcas-itrucolor tipo_pantalla-cof-diagnostico tipo_pantalla-oled-duro-diagnostico tipo_pantalla-oled-flexible-diagnostico\" data-elementor-post-type=\"elementor_library\" data-custom-edit-handle=\"1\">\n\t\t\t<div class=\"elementor-element elementor-element-8e75d93 e-con-full e-flex e-con e-parent\" data-id=\"8e75d93\" data-element_type=\"container\" data-e-type=\"container\">\n\t\t<div class=\"elementor-element elementor-element-333827e e-con-full e-flex e-con e-child\" data-id=\"333827e\" data-element_type=\"container\" data-e-type=\"container\">\n\t\t\t\t<div class=\"elementor-element elementor-element-832e5b5 elementor-widget elementor-widget-image\" data-id=\"832e5b5\" data-element_type=\"widget\" data-e-type=\"widget\" data-widget_type=\"image.default\">\n\t\t\t\t\t\t\t\t\t\t\t\t\t\t\t<img loading=\"lazy\" decoding=\"async\" width=\"355\" height=\"515\" src=\"https:\/\/fixtechfactory.com\/wp-content\/uploads\/2026\/03\/Rectangle-5.webp\" class=\"attachment-full size-full wp-image-261\" alt=\"\" srcset=\"https:\/\/fixtechfactory.com\/wp-content\/uploads\/2026\/03\/Rectangle-5.webp 355w, https:\/\/fixtechfactory.com\/wp-content\/uploads\/2026\/03\/Rectangle-5-207x300.webp 207w\" sizes=\"(max-width: 355px) 100vw, 355px\" \/>\t\t\t\t\t\t\t\t\t\t\t\t\t\t\t<\/div>\n\t\t\t\t<\/div>\n\t\t<div class=\"elementor-element elementor-element-8ec8aeb e-con-full e-flex e-con e-child\" data-id=\"8ec8aeb\" data-element_type=\"container\" data-e-type=\"container\">\n\t\t\t\t<div class=\"elementor-element elementor-element-85caf57 elementor-widget elementor-widget-theme-post-title elementor-page-title elementor-widget-heading\" data-id=\"85caf57\" data-element_type=\"widget\" data-e-type=\"widget\" data-widget_type=\"theme-post-title.default\">\n\t\t\t\t\t<h1 class=\"elementor-heading-title elementor-size-default\">Pantalla Diagn\u00f3stica COF y OLED<\/h1>\t\t\t\t<\/div>\n\t\t\t\t<div class=\"elementor-element elementor-element-81d099f elementor-widget elementor-widget-text-editor\" data-id=\"81d099f\" data-element_type=\"widget\" data-e-type=\"widget\" data-widget_type=\"text-editor.default\">\n\t\t\t\t\t\t\t\t\tLa pantalla diagn\u00f3stica Itrucolor est\u00e1 dise\u00f1ada para ofrecer una reparaci\u00f3n de alta calidad sin mostrar el mensaje de \u201cpieza desconocida\u201d en iPhone.\r\nIncluye IC original, lo que garantiza compatibilidad total con iOS y mantiene la integridad de los par\u00e1metros del dispositivo.\t\t\t\t\t\t\t\t<\/div>\n\t\t\t\t<\/div>\n\t\t\t\t<\/div>\n\t\t\t\t<\/div>\n\t\t\t\t<\/div>\n\t\t\t\t\t<span class=\"e-load-more-spinner\">\n\t\t\t\t<svg aria-hidden=\"true\" class=\"e-font-icon-svg e-fas-spinner\" viewBox=\"0 0 512 512\" xmlns=\"http:\/\/www.w3.org\/2000\/svg\"><path d=\"M304 48c0 26.51-21.49 48-48 48s-48-21.49-48-48 21.49-48 48-48 48 21.49 48 48zm-48 368c-26.51 0-48 21.49-48 48s21.49 48 48 48 48-21.49 48-48-21.49-48-48-48zm208-208c-26.51 0-48 21.49-48 48s21.49 48 48 48 48-21.49 48-48-21.49-48-48-48zM96 256c0-26.51-21.49-48-48-48S0 229.49 0 256s21.49 48 48 48 48-21.49 48-48zm12.922 99.078c-26.51 0-48 21.49-48 48s21.49 48 48 48 48-21.49 48-48c0-26.509-21.491-48-48-48zm294.156 0c-26.51 0-48 21.49-48 48s21.49 48 48 48 48-21.49 48-48c0-26.509-21.49-48-48-48zM108.922 60.922c-26.51 0-48 21.49-48 48s21.49 48 48 48 48-21.49 48-48-21.491-48-48-48z\"><\/path><\/svg>\t\t\t<\/span>\n\t\t\n\t\t\t\t\t\t<\/div>\n\t\t\t\t<\/div>\n\t\t\t\t<\/div>\n\t\t\t\t\t<\/div>\n\t\t\t\t<\/div>\n\t\t<div class=\"elementor-element elementor-element-2200745 e-con-full e-flex e-con e-parent\" data-id=\"2200745\" data-element_type=\"container\" data-e-type=\"container\" data-settings=\"{&quot;background_background&quot;:&quot;classic&quot;}\">\n\t\t\t\t<\/div>\n\t\t\t\t<\/div>\n\t\t","protected":false},"excerpt":{"rendered":"<p>ITruColor \u00a1La calidad es nuestra prioridad! Cada pantalla LCD para iPhone pasa por 49 pasos de inspecci\u00f3n de calidad, adem\u00e1s de una segunda inspecci\u00f3n de primera clase, para garantizar que todas las funciones operen correctamente seg\u00fan nuestros est\u00e1ndares antes de su env\u00edo. Nuestros productos han obtenido certificaciones autorizadas como CE, FCC y ROHS, lo que [&hellip;]<\/p>\n","protected":false},"author":1,"featured_media":0,"parent":0,"menu_order":0,"comment_status":"closed","ping_status":"closed","template":"","meta":{"_acf_changed":false,"footnotes":""},"class_list":["post-2","page","type-page","status-publish","hentry"],"acf":[],"_links":{"self":[{"href":"https:\/\/fixtechfactory.com\/index.php\/wp-json\/wp\/v2\/pages\/2","targetHints":{"allow":["GET"]}}],"collection":[{"href":"https:\/\/fixtechfactory.com\/index.php\/wp-json\/wp\/v2\/pages"}],"about":[{"href":"https:\/\/fixtechfactory.com\/index.php\/wp-json\/wp\/v2\/types\/page"}],"author":[{"embeddable":true,"href":"https:\/\/fixtechfactory.com\/index.php\/wp-json\/wp\/v2\/users\/1"}],"replies":[{"embeddable":true,"href":"https:\/\/fixtechfactory.com\/index.php\/wp-json\/wp\/v2\/comments?post=2"}],"version-history":[{"count":69,"href":"https:\/\/fixtechfactory.com\/index.php\/wp-json\/wp\/v2\/pages\/2\/revisions"}],"predecessor-version":[{"id":867,"href":"https:\/\/fixtechfactory.com\/index.php\/wp-json\/wp\/v2\/pages\/2\/revisions\/867"}],"wp:attachment":[{"href":"https:\/\/fixtechfactory.com\/index.php\/wp-json\/wp\/v2\/media?parent=2"}],"curies":[{"name":"wp","href":"https:\/\/api.w.org\/{rel}","templated":true}]}}