{"id":560,"date":"2026-03-31T14:35:15","date_gmt":"2026-03-31T14:35:15","guid":{"rendered":"https:\/\/fixtechfactory.com\/?page_id=560"},"modified":"2026-04-10T17:14:55","modified_gmt":"2026-04-10T17:14:55","slug":"dd","status":"publish","type":"page","link":"https:\/\/fixtechfactory.com\/index.php\/dd\/","title":{"rendered":"DD"},"content":{"rendered":"\t\t<div data-elementor-type=\"wp-page\" data-elementor-id=\"560\" class=\"elementor elementor-560\" data-elementor-post-type=\"page\">\n\t\t\t\t<div class=\"elementor-element elementor-element-179fec2 e-con-full e-flex e-con e-parent\" data-id=\"179fec2\" data-element_type=\"container\" data-e-type=\"container\" data-settings=\"{&quot;shape_divider_top&quot;:&quot;opacity-tilt&quot;}\">\n\t\t\t\t<div class=\"elementor-shape elementor-shape-top\" aria-hidden=\"true\" data-negative=\"false\">\n\t\t\t<svg xmlns=\"http:\/\/www.w3.org\/2000\/svg\" viewBox=\"0 0 2600 131.1\" preserveAspectRatio=\"none\">\n\t<path class=\"elementor-shape-fill\" d=\"M0 0L2600 0 2600 69.1 0 0z\"\/>\n\t<path class=\"elementor-shape-fill\" style=\"opacity:0.5\" d=\"M0 0L2600 0 2600 69.1 0 69.1z\"\/>\n\t<path class=\"elementor-shape-fill\" style=\"opacity:0.25\" d=\"M2600 0L0 0 0 130.1 2600 69.1z\"\/>\n<\/svg>\t\t<\/div>\n\t\t\t\t<div class=\"elementor-element elementor-element-ba91ac9 elementor-widget elementor-widget-image\" data-id=\"ba91ac9\" data-element_type=\"widget\" data-e-type=\"widget\" data-widget_type=\"image.default\">\n\t\t\t\t\t\t\t\t\t\t\t\t\t\t\t<img fetchpriority=\"high\" decoding=\"async\" width=\"1536\" height=\"427\" src=\"https:\/\/fixtechfactory.com\/wp-content\/uploads\/2026\/03\/LogoDD_-large-1536x427.webp\" class=\"attachment-1536x1536 size-1536x1536 wp-image-558\" alt=\"\" srcset=\"https:\/\/fixtechfactory.com\/wp-content\/uploads\/2026\/03\/LogoDD_-large-1536x427.webp 1536w, https:\/\/fixtechfactory.com\/wp-content\/uploads\/2026\/03\/LogoDD_-large-300x83.webp 300w, https:\/\/fixtechfactory.com\/wp-content\/uploads\/2026\/03\/LogoDD_-large-1024x284.webp 1024w, https:\/\/fixtechfactory.com\/wp-content\/uploads\/2026\/03\/LogoDD_-large-768x213.webp 768w, https:\/\/fixtechfactory.com\/wp-content\/uploads\/2026\/03\/LogoDD_-large.webp 1728w\" sizes=\"(max-width: 1536px) 100vw, 1536px\" \/>\t\t\t\t\t\t\t\t\t\t\t\t\t\t\t<\/div>\n\t\t\t\t<\/div>\n\t\t<div class=\"elementor-element elementor-element-6287de8 e-con-full e-flex e-con e-parent\" data-id=\"6287de8\" data-element_type=\"container\" data-e-type=\"container\" data-settings=\"{&quot;shape_divider_top&quot;:&quot;opacity-tilt&quot;}\">\n\t\t\t\t<div class=\"elementor-shape elementor-shape-top\" aria-hidden=\"true\" data-negative=\"false\">\n\t\t\t<svg xmlns=\"http:\/\/www.w3.org\/2000\/svg\" viewBox=\"0 0 2600 131.1\" preserveAspectRatio=\"none\">\n\t<path class=\"elementor-shape-fill\" d=\"M0 0L2600 0 2600 69.1 0 0z\"\/>\n\t<path class=\"elementor-shape-fill\" style=\"opacity:0.5\" d=\"M0 0L2600 0 2600 69.1 0 69.1z\"\/>\n\t<path class=\"elementor-shape-fill\" style=\"opacity:0.25\" d=\"M2600 0L0 0 0 130.1 2600 69.1z\"\/>\n<\/svg>\t\t<\/div>\n\t\t<div class=\"elementor-element elementor-element-0aba449 e-flex e-con-boxed e-con e-child\" data-id=\"0aba449\" data-element_type=\"container\" data-e-type=\"container\">\n\t\t\t\t\t<div class=\"e-con-inner\">\n\t\t\t\t<div class=\"elementor-element elementor-element-4666de1 elementor-widget elementor-widget-heading\" data-id=\"4666de1\" data-element_type=\"widget\" data-e-type=\"widget\" data-widget_type=\"heading.default\">\n\t\t\t\t\t<h2 class=\"elementor-heading-title elementor-size-default\">Pantallas DD<\/h2>\t\t\t\t<\/div>\n\t\t\t\t<div class=\"elementor-element elementor-element-ae2f502 elementor-widget elementor-widget-text-editor\" data-id=\"ae2f502\" data-element_type=\"widget\" data-e-type=\"widget\" data-widget_type=\"text-editor.default\">\n\t\t\t\t\t\t\t\t\t<p data-start=\"251\" data-end=\"595\">Las <strong data-start=\"255\" data-end=\"271\">pantallas DD<\/strong> se han consolidado como una de las opciones m\u00e1s fiables y de mayor calidad en el mercado de reparaci\u00f3n m\u00f3vil. Dise\u00f1adas para ofrecer <strong data-start=\"405\" data-end=\"450\">rendimiento, estabilidad y compatibilidad<\/strong>, esta l\u00ednea de pantallas combina tecnolog\u00eda OLED avanzada con un est\u00e1ndar de fabricaci\u00f3n que garantiza una experiencia de uso fluida y duradera.<\/p><p data-start=\"597\" data-end=\"694\">Como <strong data-start=\"602\" data-end=\"648\">distribuidores autorizados de DD en Espa\u00f1a<\/strong>, en Fixtech Factory ofrecemos toda su gama:<\/p><ul data-start=\"695\" data-end=\"1032\"><li data-section-id=\"1d8amz5\" data-start=\"695\" data-end=\"774\"><strong data-start=\"697\" data-end=\"714\">OLED Flexible<\/strong> \u2013 M\u00e1xima calidad, mejor resistencia y colores m\u00e1s fieles.<\/li><li data-section-id=\"1hisqdi\" data-start=\"775\" data-end=\"865\"><strong data-start=\"777\" data-end=\"790\">OLED Duro<\/strong> \u2013 Excelente relaci\u00f3n calidad\u2013precio, ideal para reparaciones eficientes.<\/li><li data-section-id=\"d0ck9a\" data-start=\"866\" data-end=\"1032\"><strong data-start=\"868\" data-end=\"911\">OLED Diagn\u00f3stico Flexible (IC Original)<\/strong> \u2013 Pantallas premium que evitan el mensaje de \u201cpieza desconocida\u201d en iPhone, asegurando una compatibilidad total con iOS.<\/li><\/ul>\t\t\t\t\t\t\t\t<\/div>\n\t\t<div class=\"elementor-element elementor-element-8899bb9 e-con-full e-flex e-con e-child\" data-id=\"8899bb9\" data-element_type=\"container\" data-e-type=\"container\">\n\t\t\t\t<div class=\"elementor-element elementor-element-b2cdea4 elementor-grid-1 elementor-grid-tablet-2 elementor-grid-mobile-1 elementor-invisible elementor-widget elementor-widget-loop-grid\" data-id=\"b2cdea4\" data-element_type=\"widget\" data-e-type=\"widget\" data-settings=\"{&quot;template_id&quot;:&quot;735&quot;,&quot;columns&quot;:1,&quot;pagination_type&quot;:&quot;load_more_on_click&quot;,&quot;_animation&quot;:&quot;fadeInUp&quot;,&quot;_skin&quot;:&quot;post&quot;,&quot;columns_tablet&quot;:&quot;2&quot;,&quot;columns_mobile&quot;:&quot;1&quot;,&quot;edit_handle_selector&quot;:&quot;[data-elementor-type=\\&quot;loop-item\\&quot;]&quot;,&quot;load_more_spinner&quot;:{&quot;value&quot;:&quot;fas fa-spinner&quot;,&quot;library&quot;:&quot;fa-solid&quot;},&quot;row_gap&quot;:{&quot;unit&quot;:&quot;px&quot;,&quot;size&quot;:&quot;&quot;,&quot;sizes&quot;:[]},&quot;row_gap_tablet&quot;:{&quot;unit&quot;:&quot;px&quot;,&quot;size&quot;:&quot;&quot;,&quot;sizes&quot;:[]},&quot;row_gap_mobile&quot;:{&quot;unit&quot;:&quot;px&quot;,&quot;size&quot;:&quot;&quot;,&quot;sizes&quot;:[]}}\" data-widget_type=\"loop-grid.post\">\n\t\t\t\t<div class=\"elementor-widget-container\">\n\t\t\t\t\t\t\t<div class=\"elementor-loop-container elementor-grid\" role=\"list\">\n\t\t<style id=\"loop-735\">.elementor-735 .elementor-element.elementor-element-8e75d93{--display:flex;--min-height:400px;--flex-direction:row;--container-widget-width:initial;--container-widget-height:100%;--container-widget-flex-grow:1;--container-widget-align-self:stretch;--flex-wrap-mobile:wrap;--border-radius:16px 16px 16px 16px;box-shadow:2px 3px 16px 0px rgba(0,0,0,0.5);}.elementor-735 .elementor-element.elementor-element-8e75d93.e-con{--flex-grow:0;--flex-shrink:0;}.elementor-735 .elementor-element.elementor-element-333827e{--display:flex;--justify-content:center;}.elementor-widget-image .widget-image-caption{color:var( --e-global-color-text );font-family:var( --e-global-typography-text-font-family ), Sans-serif;font-size:var( --e-global-typography-text-font-size );font-weight:var( --e-global-typography-text-font-weight );}.elementor-735 .elementor-element.elementor-element-8ec8aeb{--display:flex;--flex-direction:column;--container-widget-width:100%;--container-widget-height:initial;--container-widget-flex-grow:0;--container-widget-align-self:initial;--flex-wrap-mobile:wrap;--justify-content:center;--padding-top:20px;--padding-bottom:20px;--padding-left:20px;--padding-right:20px;}.elementor-widget-theme-post-title .elementor-heading-title{font-family:var( --e-global-typography-primary-font-family ), Sans-serif;font-size:var( --e-global-typography-primary-font-size );font-weight:var( --e-global-typography-primary-font-weight );color:var( --e-global-color-primary );}.elementor-widget-text-editor{font-family:var( --e-global-typography-text-font-family ), Sans-serif;font-size:var( --e-global-typography-text-font-size );font-weight:var( --e-global-typography-text-font-weight );color:var( --e-global-color-text );}.elementor-widget-text-editor.elementor-drop-cap-view-stacked .elementor-drop-cap{background-color:var( --e-global-color-primary );}.elementor-widget-text-editor.elementor-drop-cap-view-framed .elementor-drop-cap, .elementor-widget-text-editor.elementor-drop-cap-view-default .elementor-drop-cap{color:var( --e-global-color-primary );border-color:var( --e-global-color-primary );}.elementor-735 .elementor-element.elementor-element-81d099f{column-gap:0px;}@media(min-width:768px){.elementor-735 .elementor-element.elementor-element-8e75d93{--width:1140px;}}@media(max-width:1024px){.elementor-widget-image .widget-image-caption{font-size:var( --e-global-typography-text-font-size );}.elementor-widget-theme-post-title .elementor-heading-title{font-size:var( --e-global-typography-primary-font-size );}.elementor-widget-text-editor{font-size:var( --e-global-typography-text-font-size );}}@media(max-width:767px){.elementor-widget-image .widget-image-caption{font-size:var( --e-global-typography-text-font-size );}.elementor-widget-theme-post-title .elementor-heading-title{font-size:var( --e-global-typography-primary-font-size );}.elementor-widget-text-editor{font-size:var( --e-global-typography-text-font-size );}}<\/style>\t\t<div data-elementor-type=\"loop-item\" data-elementor-id=\"735\" class=\"elementor elementor-735 e-loop-item e-loop-item-803 post-803 productos type-productos status-publish has-post-thumbnail hentry marcas-dd tipo_pantalla-oled-duro\" data-elementor-post-type=\"elementor_library\" data-custom-edit-handle=\"1\">\n\t\t\t<div class=\"elementor-element elementor-element-8e75d93 e-con-full e-flex e-con e-parent\" data-id=\"8e75d93\" data-element_type=\"container\" data-e-type=\"container\">\n\t\t<div class=\"elementor-element elementor-element-333827e e-con-full e-flex e-con e-child\" data-id=\"333827e\" data-element_type=\"container\" data-e-type=\"container\">\n\t\t\t\t<div class=\"elementor-element elementor-element-832e5b5 elementor-widget elementor-widget-image\" data-id=\"832e5b5\" data-element_type=\"widget\" data-e-type=\"widget\" data-widget_type=\"image.default\">\n\t\t\t\t\t\t\t\t\t\t\t\t\t\t\t<img decoding=\"async\" width=\"1600\" height=\"1600\" src=\"https:\/\/fixtechfactory.com\/wp-content\/uploads\/2026\/04\/12-16Pro-Hard-OLED.jpg\" class=\"attachment-full size-full wp-image-691\" alt=\"\" srcset=\"https:\/\/fixtechfactory.com\/wp-content\/uploads\/2026\/04\/12-16Pro-Hard-OLED.jpg 1600w, https:\/\/fixtechfactory.com\/wp-content\/uploads\/2026\/04\/12-16Pro-Hard-OLED-300x300.jpg 300w, https:\/\/fixtechfactory.com\/wp-content\/uploads\/2026\/04\/12-16Pro-Hard-OLED-1024x1024.jpg 1024w, https:\/\/fixtechfactory.com\/wp-content\/uploads\/2026\/04\/12-16Pro-Hard-OLED-150x150.jpg 150w, https:\/\/fixtechfactory.com\/wp-content\/uploads\/2026\/04\/12-16Pro-Hard-OLED-768x768.jpg 768w, https:\/\/fixtechfactory.com\/wp-content\/uploads\/2026\/04\/12-16Pro-Hard-OLED-1536x1536.jpg 1536w\" sizes=\"(max-width: 1600px) 100vw, 1600px\" \/>\t\t\t\t\t\t\t\t\t\t\t\t\t\t\t<\/div>\n\t\t\t\t<\/div>\n\t\t<div class=\"elementor-element elementor-element-8ec8aeb e-con-full e-flex e-con e-child\" data-id=\"8ec8aeb\" data-element_type=\"container\" data-e-type=\"container\">\n\t\t\t\t<div class=\"elementor-element elementor-element-85caf57 elementor-widget elementor-widget-theme-post-title elementor-page-title elementor-widget-heading\" data-id=\"85caf57\" data-element_type=\"widget\" data-e-type=\"widget\" data-widget_type=\"theme-post-title.default\">\n\t\t\t\t\t<h1 class=\"elementor-heading-title elementor-size-default\">DD \u2013 OLED DURO<\/h1>\t\t\t\t<\/div>\n\t\t\t\t<div class=\"elementor-element elementor-element-81d099f elementor-widget elementor-widget-text-editor\" data-id=\"81d099f\" data-element_type=\"widget\" data-e-type=\"widget\" data-widget_type=\"text-editor.default\">\n\t\t\t\t\t\t\t\t\tLa pantalla DD OLED Duro combina la nitidez y brillo del OLED con una estructura r\u00edgida (hard), m\u00e1s econ\u00f3mica que la versi\u00f3n flexible. Ofrece una visualizaci\u00f3n clara y un rendimiento t\u00e1ctil estable, siendo una soluci\u00f3n eficaz para reparaciones con buen balance entre calidad y coste.\r\n\r\nTecnolog\u00eda:\r\n\r\nPanel OLED r\u00edgido (Hard OLED)\r\nColores brillantes con buena profundidad de negros\r\nRespuesta t\u00e1ctil precisa\r\n\r\nCaracter\u00edsticas destacadas:\r\n\r\nAlternativa econ\u00f3mica al OLED flexible\r\nExcelente calidad visual\r\nIdeal para talleres que buscan rendimiento y ahorro\t\t\t\t\t\t\t\t<\/div>\n\t\t\t\t<\/div>\n\t\t\t\t<\/div>\n\t\t\t\t<\/div>\n\t\t\t\t<div data-elementor-type=\"loop-item\" data-elementor-id=\"735\" class=\"elementor elementor-735 e-loop-item e-loop-item-806 post-806 productos type-productos status-publish has-post-thumbnail hentry marcas-dd tipo_pantalla-oled-flexible\" data-elementor-post-type=\"elementor_library\" data-custom-edit-handle=\"1\">\n\t\t\t<div class=\"elementor-element elementor-element-8e75d93 e-con-full e-flex e-con e-parent\" data-id=\"8e75d93\" data-element_type=\"container\" data-e-type=\"container\">\n\t\t<div class=\"elementor-element elementor-element-333827e e-con-full e-flex e-con e-child\" data-id=\"333827e\" data-element_type=\"container\" data-e-type=\"container\">\n\t\t\t\t<div class=\"elementor-element elementor-element-832e5b5 elementor-widget elementor-widget-image\" data-id=\"832e5b5\" data-element_type=\"widget\" data-e-type=\"widget\" data-widget_type=\"image.default\">\n\t\t\t\t\t\t\t\t\t\t\t\t\t\t\t<img decoding=\"async\" width=\"1600\" height=\"1600\" src=\"https:\/\/fixtechfactory.com\/wp-content\/uploads\/2026\/04\/12-16-Soft-OLED.jpg\" class=\"attachment-full size-full wp-image-690\" alt=\"\" srcset=\"https:\/\/fixtechfactory.com\/wp-content\/uploads\/2026\/04\/12-16-Soft-OLED.jpg 1600w, https:\/\/fixtechfactory.com\/wp-content\/uploads\/2026\/04\/12-16-Soft-OLED-300x300.jpg 300w, https:\/\/fixtechfactory.com\/wp-content\/uploads\/2026\/04\/12-16-Soft-OLED-1024x1024.jpg 1024w, https:\/\/fixtechfactory.com\/wp-content\/uploads\/2026\/04\/12-16-Soft-OLED-150x150.jpg 150w, https:\/\/fixtechfactory.com\/wp-content\/uploads\/2026\/04\/12-16-Soft-OLED-768x768.jpg 768w, https:\/\/fixtechfactory.com\/wp-content\/uploads\/2026\/04\/12-16-Soft-OLED-1536x1536.jpg 1536w\" sizes=\"(max-width: 1600px) 100vw, 1600px\" \/>\t\t\t\t\t\t\t\t\t\t\t\t\t\t\t<\/div>\n\t\t\t\t<\/div>\n\t\t<div class=\"elementor-element elementor-element-8ec8aeb e-con-full e-flex e-con e-child\" data-id=\"8ec8aeb\" data-element_type=\"container\" data-e-type=\"container\">\n\t\t\t\t<div class=\"elementor-element elementor-element-85caf57 elementor-widget elementor-widget-theme-post-title elementor-page-title elementor-widget-heading\" data-id=\"85caf57\" data-element_type=\"widget\" data-e-type=\"widget\" data-widget_type=\"theme-post-title.default\">\n\t\t\t\t\t<h1 class=\"elementor-heading-title elementor-size-default\">DD \u2013 OLED FLEXIBLE<\/h1>\t\t\t\t<\/div>\n\t\t\t\t<div class=\"elementor-element elementor-element-81d099f elementor-widget elementor-widget-text-editor\" data-id=\"81d099f\" data-element_type=\"widget\" data-e-type=\"widget\" data-widget_type=\"text-editor.default\">\n\t\t\t\t\t\t\t\t\tLa pantalla DD OLED Flexible ofrece una calidad superior gracias a su laminado flexible, que permite una experiencia visual m\u00e1s estable y cercana a la original. Su estructura flexible proporciona una mayor resistencia a golpes y una respuesta t\u00e1ctil m\u00e1s precisa.\r\n\r\nTecnolog\u00eda:\r\n\r\nOLED flexible de alta calidad\r\nColores intensos y buen nivel de brillo\r\nT\u00e1ctil sensible y fluido\r\nMenor consumo energ\u00e9tico comparado con LCD o HD\r\n\r\nCaracter\u00edsticas destacadas:\r\n\r\nExcelente relaci\u00f3n calidad\u2013precio\r\nMayor durabilidad ante impactos\r\nIdeal para reparaciones profesionales de alta calidad\t\t\t\t\t\t\t\t<\/div>\n\t\t\t\t<\/div>\n\t\t\t\t<\/div>\n\t\t\t\t<\/div>\n\t\t\t\t<div data-elementor-type=\"loop-item\" data-elementor-id=\"735\" class=\"elementor elementor-735 e-loop-item e-loop-item-807 post-807 productos type-productos status-publish has-post-thumbnail hentry marcas-dd tipo_pantalla-oled-flexible-diagnostico\" data-elementor-post-type=\"elementor_library\" data-custom-edit-handle=\"1\">\n\t\t\t<div class=\"elementor-element elementor-element-8e75d93 e-con-full e-flex e-con e-parent\" data-id=\"8e75d93\" data-element_type=\"container\" data-e-type=\"container\">\n\t\t<div class=\"elementor-element elementor-element-333827e e-con-full e-flex e-con e-child\" data-id=\"333827e\" data-element_type=\"container\" data-e-type=\"container\">\n\t\t\t\t<div class=\"elementor-element elementor-element-832e5b5 elementor-widget elementor-widget-image\" data-id=\"832e5b5\" data-element_type=\"widget\" data-e-type=\"widget\" data-widget_type=\"image.default\">\n\t\t\t\t\t\t\t\t\t\t\t\t\t\t\t<img loading=\"lazy\" decoding=\"async\" width=\"628\" height=\"490\" src=\"https:\/\/fixtechfactory.com\/wp-content\/uploads\/2026\/03\/LogoDD.webp\" class=\"attachment-full size-full wp-image-557\" alt=\"\" srcset=\"https:\/\/fixtechfactory.com\/wp-content\/uploads\/2026\/03\/LogoDD.webp 628w, https:\/\/fixtechfactory.com\/wp-content\/uploads\/2026\/03\/LogoDD-300x234.webp 300w\" sizes=\"(max-width: 628px) 100vw, 628px\" \/>\t\t\t\t\t\t\t\t\t\t\t\t\t\t\t<\/div>\n\t\t\t\t<\/div>\n\t\t<div class=\"elementor-element elementor-element-8ec8aeb e-con-full e-flex e-con e-child\" data-id=\"8ec8aeb\" data-element_type=\"container\" data-e-type=\"container\">\n\t\t\t\t<div class=\"elementor-element elementor-element-85caf57 elementor-widget elementor-widget-theme-post-title elementor-page-title elementor-widget-heading\" data-id=\"85caf57\" data-element_type=\"widget\" data-e-type=\"widget\" data-widget_type=\"theme-post-title.default\">\n\t\t\t\t\t<h1 class=\"elementor-heading-title elementor-size-default\">OLED DIAGN\u00d3STICO FLEXIBLE (IC ORIGINAL)<\/h1>\t\t\t\t<\/div>\n\t\t\t\t<div class=\"elementor-element elementor-element-81d099f elementor-widget elementor-widget-text-editor\" data-id=\"81d099f\" data-element_type=\"widget\" data-e-type=\"widget\" data-widget_type=\"text-editor.default\">\n\t\t\t\t\t\t\t\t\tLa pantalla DD OLED Diagn\u00f3stico Flexible incorpora IC original, lo que evita el mensaje de \u201cpieza desconocida\u201d al instalarla en iPhone. Es una opci\u00f3n premium que garantiza compatibilidad total con iOS y asegura una reparaci\u00f3n completamente transparente para el usuario final.\r\n\r\nTecnolog\u00eda:\r\n\r\nOLED flexible\r\nIC original integrado\r\nSin mensaje de \u201cpieza no genuina\u201d\r\nColores precisos y brillo consistente\r\n\r\nCaracter\u00edsticas destacadas:\r\n\r\nSoluci\u00f3n premium para reparaciones profesionales\r\nM\u00e1xima compatibilidad con iOS\r\nReduce devoluciones y reclamaciones\r\nT\u00e1ctil suave y respuesta inmediata\t\t\t\t\t\t\t\t<\/div>\n\t\t\t\t<\/div>\n\t\t\t\t<\/div>\n\t\t\t\t<\/div>\n\t\t\t\t<\/div>\n\t\t\t\t\t<span class=\"e-load-more-spinner\">\n\t\t\t\t<svg aria-hidden=\"true\" class=\"e-font-icon-svg e-fas-spinner\" viewBox=\"0 0 512 512\" xmlns=\"http:\/\/www.w3.org\/2000\/svg\"><path d=\"M304 48c0 26.51-21.49 48-48 48s-48-21.49-48-48 21.49-48 48-48 48 21.49 48 48zm-48 368c-26.51 0-48 21.49-48 48s21.49 48 48 48 48-21.49 48-48-21.49-48-48-48zm208-208c-26.51 0-48 21.49-48 48s21.49 48 48 48 48-21.49 48-48-21.49-48-48-48zM96 256c0-26.51-21.49-48-48-48S0 229.49 0 256s21.49 48 48 48 48-21.49 48-48zm12.922 99.078c-26.51 0-48 21.49-48 48s21.49 48 48 48 48-21.49 48-48c0-26.509-21.491-48-48-48zm294.156 0c-26.51 0-48 21.49-48 48s21.49 48 48 48 48-21.49 48-48c0-26.509-21.49-48-48-48zM108.922 60.922c-26.51 0-48 21.49-48 48s21.49 48 48 48 48-21.49 48-48-21.491-48-48-48z\"><\/path><\/svg>\t\t\t<\/span>\n\t\t\n\t\t\t\t\t\t<\/div>\n\t\t\t\t<\/div>\n\t\t\t\t<\/div>\n\t\t\t\t\t<\/div>\n\t\t\t\t<\/div>\n\t\t\t\t<\/div>\n\t\t<div class=\"elementor-element elementor-element-be78c17 e-con-full e-flex e-con e-parent\" data-id=\"be78c17\" data-element_type=\"container\" data-e-type=\"container\" data-settings=\"{&quot;background_background&quot;:&quot;gradient&quot;}\">\n\t\t\t\t<\/div>\n\t\t\t\t<\/div>\n\t\t","protected":false},"excerpt":{"rendered":"<p>Pantallas DD Las pantallas DD se han consolidado como una de las opciones m\u00e1s fiables y de mayor calidad en el mercado de reparaci\u00f3n m\u00f3vil. Dise\u00f1adas para ofrecer rendimiento, estabilidad y compatibilidad, esta l\u00ednea de pantallas combina tecnolog\u00eda OLED avanzada con un est\u00e1ndar de fabricaci\u00f3n que garantiza una experiencia de uso fluida y duradera. Como [&hellip;]<\/p>\n","protected":false},"author":1,"featured_media":0,"parent":0,"menu_order":0,"comment_status":"closed","ping_status":"closed","template":"","meta":{"_acf_changed":false,"footnotes":""},"class_list":["post-560","page","type-page","status-publish","hentry"],"acf":[],"_links":{"self":[{"href":"https:\/\/fixtechfactory.com\/index.php\/wp-json\/wp\/v2\/pages\/560","targetHints":{"allow":["GET"]}}],"collection":[{"href":"https:\/\/fixtechfactory.com\/index.php\/wp-json\/wp\/v2\/pages"}],"about":[{"href":"https:\/\/fixtechfactory.com\/index.php\/wp-json\/wp\/v2\/types\/page"}],"author":[{"embeddable":true,"href":"https:\/\/fixtechfactory.com\/index.php\/wp-json\/wp\/v2\/users\/1"}],"replies":[{"embeddable":true,"href":"https:\/\/fixtechfactory.com\/index.php\/wp-json\/wp\/v2\/comments?post=560"}],"version-history":[{"count":25,"href":"https:\/\/fixtechfactory.com\/index.php\/wp-json\/wp\/v2\/pages\/560\/revisions"}],"predecessor-version":[{"id":828,"href":"https:\/\/fixtechfactory.com\/index.php\/wp-json\/wp\/v2\/pages\/560\/revisions\/828"}],"wp:attachment":[{"href":"https:\/\/fixtechfactory.com\/index.php\/wp-json\/wp\/v2\/media?parent=560"}],"curies":[{"name":"wp","href":"https:\/\/api.w.org\/{rel}","templated":true}]}}